 and m?
16
Suppose -14 = -6*j - j. Suppose 0 = -5*f - v + 442, -j*v + 4*v = 4*f - 348. Calculate the highest common divisor of 16 and f.
8
Suppose 19*u = 27 + 30. Let v(c) = -c**2 - 7*c + 102. Let a be v(-14). What is the highest common divisor of a and u?
1
Let t = 21398 - 21374. What is the greatest common factor of t and 15384?
24
Let z be (2/(-9))/(8/12) + (-44240)/(-240). Calculate the highest common divisor of z and 1242.
46
Let d be (1*54/(-12))/(-4 - (-185)/50). What is the highest common divisor of d and 8565?
15
Let n(b) = -b**3 + 58*b**2 - 217*b + 282. Let h be n(54). What is the highest common factor of 240 and h?
12
Let p(g) = g**2 + 3*g + 4. Let n be p(-5). Let w(a) = 2*a**2 - 30*a - 105. Let b be w(-6). What is the greatest common factor of n and b?
7
Suppose -r + 87 = 2*h, -2*r + 22*h - 13*h = -265. What is the highest common factor of 1111 and r?
101
Suppose 844 + 356 = 6*v. Let l be (60/(-2))/((-3)/(-72)*-9). What is the greatest common factor of l and v?
40
Let c be 5697/81 - (18/3)/18. Let b = -15 - -25. What is the highest common factor of b and c?
10
Suppose -8*r - 670 - 226 = 0. Let h = -107 - r. Suppose -5*j + 5*q + 18 = -12, -2*q - 18 = -h*j. Calculate the highest common divisor of 10 and j.
2
Let d(g) = 22*g - 3. Let m be d(3). Suppose 27*k - 5883 = 3567. Suppose 0 = -14*i - 56 + k. What is the greatest common divisor of m and i?
21
Suppose m + 5*a + 326 = 0, 5*m + 3*a - 2*a = -1558. Suppose 8*u - 1389 = 2243. Let j = m + u. Calculate the greatest common divisor of 13 and j.
13
Suppose 5*b + 95514 = 4*m + 3*b, -4*m = -3*b - 95511. What is the highest common divisor of 10 and m?
10
Let n(s) = -1. Let f(t) = 51*t + 27. Let y(z) = f(z) - 3*n(z). Let d be y(6). Suppose 17*b - d = -64. What is the greatest common divisor of b and 8?
8
Let j = -189 - -533. Suppose 2*n = -104 + j. Calculate the highest common factor of 30 and n.
30
Let f(g) = -259*g + 3135. Let i be f(-15). Calculate the highest common divisor of 1040 and i.
260
Suppose -39*i + 35*i = 8. Let l be (-12 + 14)*i/2. Let j be 24/3 - (0 + l)/(-1). What is the highest common factor of j and 3?
3
Let a = -10364 - -12784. Calculate the greatest common divisor of a and 60.
20
Let a be 35*((-76)/(-20) + -3). What is the greatest common divisor of a and 378?
14
Let r be (-18)/(-54)*27 - -4573. Calculate the highest common factor of r and 58.
58
Let t(q) = -5 + 3 + 5 + 9 + 2*q. Let v be t(-5). Suppose 2*f - v = 0, f = 2*s + 2*f - 15. What is the highest common factor of s and 1?
1
Let d be -4*(-3)/(-15)*-55. Let z = -41 + d. Suppose 5*u = 4*r - 35, -5*r - u - z*u + 95 = 0. Calculate the highest common factor of 15 and r.
15
Let b = -6657 - -6681. Calculate the greatest common factor of 1788 and b.
12
Let g be 126/7*(0/(-1) - -1). Suppose 3*f - 411 - 291 = -x, -4*x + 936 = 4*f. Calculate the highest common divisor of g and f.
18
Suppose -1 = -4*z + 7. Suppose w + w - z*d = 32, 80 = 4*w + 4*d. What is the highest common divisor of 81 and w?
9
Suppose -5*w = -5*z + 185, -z = w + 138 - 167. Suppose 2*j - 106 = -h, 2*h = -2*j + 47 + 55. What is the greatest common divisor of z and j?
11
Let m = 36767 - 26449. What is the highest common divisor of m and 70?
14
Let x(a) = 2 + 23*a**2 - 21*a**2 - 5*a - a**3 + 3*a. Let i be x(1). Calculate the greatest common factor of 20 and i.
1
Let v be 5 + ((-6)/(-48) - (-275)/40). Calculate the greatest common divisor of v and 87.
3
Suppose 42*w - 24*w = 6642. What is the highest common factor of 144 and w?
9
Suppose 6*d = -3*u + 108, -63 + 36 = -d - 2*u. What is the greatest common divisor of d and 1275?
15
Let a(b) = b**2 - 4*b - 12. Let w be a(-6). Let u = w + -42. Let x(c) = -c**2 + 6*c + 16. Let o be x(u). What is the greatest common factor of o and 144?
16
Let u be 5/(-60)*-153 + 9/(-12). Calculate the greatest common factor of u and 188.
4
Let g be (-1728)/384*(-812)/18. Calculate the greatest common factor of g and 343.
7
Suppose -2*f = -10*m + 8*m - 1430, 4*m + 2*f = -2842. Let i = m - -722. Let b(n) = -n + 7. Let w be b(5). What is the highest common factor of i and w?
2
Let x = 12732 - 12696. What is the highest common divisor of x and 892?
4
Let o = 460 + -424. Suppose -2*s + o = -s. Calculate the highest common divisor of s and 48.
12
Suppose -158460*p + 158463*p = 180. Let n be (-23)/(-7) - 4/14. Suppose 0 = b - n*b + 24. What is the greatest common factor of b and p?
12
Let x = -4 - -4. Suppose 38 = a - x*a. Let q(k) = 84*k - 821. Let i be q(10). Calculate the highest common divisor of i and a.
19
Let a be 1024/6 + (-5)/(-15). Let t(m) = -7*m - 44. Let d be t(-5). Let z be 57/d*(-1 + (-2 - 0)). What is the highest common factor of a and z?
19
Let s = 26 + -33. Let u = 24 + -35. Let w = s - u. Calculate the highest common factor of 3 and w.
1
Suppose 189*v - 34*v + 74*v - 343042 = 0. Calculate the highest common divisor of 14 and v.
14
Let a = 105 - 101. Suppose 0*p + 3*p - 180 = 4*l, 233 = a*p - 3*l. Let t be 0 + 3 + -3 + p. Calculate the greatest common divisor of t and 7.
7
Let a be 4 - (6/4 - (-76694)/(-124)). Calculate the highest common divisor of 69 and a.
69
Let x = 169 - 114. Suppose -220 = -59*l + x*l. Calculate the highest common factor of 5 and l.
5
Suppose -6*u - 14 = -182. Suppose 3*k - 82 = -o + 5*o, -2*k - 4*o = -u. Calculate the highest common divisor of k and 143.
11
Suppose 8*l - 82 - 14 = 0. Let c = -27 + 31. Suppose 0 = -c*o + 52 + 140. Calculate the highest common factor of l and o.
12
Suppose 0 = 4*l + 127*o - 122*o - 237, 3*o + 576 = 9*l. Suppose 629 = 5*p - n, 4*p + n = -n + 506. Calculate the greatest common factor of l and p.
63
Let h be (3*4/30)/((-11)/(-220)). Let n be 6*(9 - -5)*2/h. Suppose -4*x = -10 - 18. What is the greatest common factor of x and n?
7
Let y be 16/(12/3) - (209 - 0). Let s = y - -375. What is the greatest common factor of 17 and s?
17
Let h(i) = -i**3 + 13*i**2 + 53*i + 24. Let x be h(16). Calculate the greatest common factor of x and 4940.
52
Let r(n) = -n**3 - 3*n**2 + 9*n + 20. Let w be r(-4). Let t be (w - (-5 - -10)) + 62. What is the greatest common divisor of t and 3?
3
Let q(m) = m + 12. Let s = -87 + 82. Let t be q(s). Suppose -1771 = -t*h - 0*h. Calculate the greatest common divisor of 23 and h.
23
Suppose 0 = 2*b - 3*l - 163, 1 = 27*l - 26*l. Suppose -h = 3*n - 821, 8*n = -5*h + 5*n + 4141. What is the greatest common factor of h and b?
83
Let d = -5418 + 5589. Calculate the highest common factor of 225 and d.
9
Let h be (18*-155)/(-10 + (-4 - -19) + -6). What is the highest common divisor of 126 and h?
18
Let p(j) = 5*j - 32. Let l be p(6). Let b be (-2 + (-10)/l - 4)*-61. What is the greatest common divisor of b and 244?
61
Suppose 2*z + 59 + 73 = 642. What is the highest common divisor of z and 25?
5
Let y be 1390 + -376 - (1/2)/((-6)/36). Calculate the highest common factor of 9 and y.
9
Suppose 6 + 150 = 4*o. Suppose b - o = -3*f + 20, 4*f - 4*b = 84. Suppose -158 = -h + 62. What is the highest common factor of h and f?
20
Suppose -163*y = -53394 - 319224. What is the greatest common factor of y and 508?
254
Let b(y) = -236*y - 6362. Let v be b(-27). What is the highest common divisor of 19710 and v?
10
Suppose -2*y - 74 = -3*i, i - 4*y + 2*y - 18 = 0. Calculate the highest common divisor of i and 434.
14
Suppose u = -135 + 155. Let t be -82*5/(-40) - (-15)/u. What is the highest common factor of t and 11?
11
Suppose 2*t = 5*x + 1910, 179*t + 5*x - 5650 = 173*t. What is the greatest common factor of t and 210?
105
Let h(u) = 2*u**2 + 10*u - 648. Let t be h(18). Suppose -3*j - 4*z - z = -62, -2*j + 4*z + 56 = 0. What is the highest common factor of j and t?
12
Suppose 0 = 2*j + 8, 6*d - 919 = 9*d - 2*j. Let f = 348 + d. What is the greatest common factor of 117 and f?
39
Let y(n) = 2*n**2 + 636*n + 24588. Let w be y(-45). Suppose 71 - 233 = -3*d. What is the highest common divisor of w and d?
18
Let n(u) = -1474*u + 22572. Let j be n(9). Calculate the highest common divisor of j and 198.
198
Let h be (-2875)/(-23) - (-4 - -4)/(-5). What is the greatest common factor of 10 and h?
5
Suppose d + 115*h = 117*h + 10830, -10*d - 5*h = -108450. What is the highest common divisor of 78 and d?
78
Suppose 12 = 2*s, 5*w - 10*s + 7*s = 16682. Calculate the highest commo